p = -114 + 75. Let b = p - -28. Is k(b) composite?
False
Suppose -m + 2*m = 0. Suppose -k + 4*k - 186 = m. Is k a prime number?
False
Suppose 788 = 6*g - 1066. Is g composite?
True
Let i = -27 - -18. Suppose 0 = 3*w + 15 + 3. Is i/w*(-316)/(-6) a prime number?
True
Let n be (-3)/9*0 - -6. Suppose n = -3*s - 0. Let d(r) = -14*r - 3. Is d(s) prime?
False
Suppose -2*o = -3*o + 1. Let h = 1 - o. Suppose h = 5*q - 207 - 38. Is q composite?
True
Let f be 1/2*(-12)/(-3). Suppose -2*d - 6 = -f*g, 0*g + 6 = 4*g + 2*d. Suppose -232 = -3*p + i, p + 0 = -g*i + 75. Is p a composite number?
True
Is 77259/49 + 4/14 a composite number?
True
Let i be (-28)/8*55*-2. Suppose c - i = -5*x - c, -4*x = -2*c - 326. Is x prime?
True
Let c be (-16 + 2)*30/(-4). Let t = 177 - c. Suppose 2*z + t = 3*i, 53 = 2*i - 3*z - 0*z. Is i composite?
True
Let a(t) = 31*t**2 - 2*t - 1. Is a(-2) a prime number?
True
Suppose 3*c + 4 = 19, -4*c + 36 = 4*j. Suppose -8*t + 12 = -j*t. Suppose -5*x + 266 = -t*x. Is x composite?
True
Let i be (-271 + 2)*(-5 + 4). Let b = i + -84. Is b a prime number?
False
Suppose -3*f + 2*s + 8 = 0, 0*f - 16 = -4*f + 4*s. Let i = f - -5. Suppose i*x - 1059 = j, -4*x + 3*j + j = -860. Is x a prime number?
True
Let n(s) = -s**3 - 5*s**2 - 3. Let k be n(-3). Let p = 34 - k. Is p composite?
True
Let r = 1 + -1. Suppose -2*n = -r*n. Suppose -17 = -4*h + a, -h - 2*a - 12 + 5 = n. Is h composite?
False
Suppose 3*a - 2*a = 5*v - 342, 5*v + 5*a - 360 = 0. Is ((-4)/6)/((-2)/v) composite?
False
Suppose -4*u + 36 = 2*j, u + 4*j - 18 = -j. Let n = -1 + 3. Let d = u + n. Is d composite?
True
Suppose 3*s - 3*n - 3357 = 0, -4 = n - 0. Suppose -3*p - 4*m + 797 = 120, -s = -5*p - 4*m. Is p a prime number?
False
Suppose -4*y + 3*h = 2*h - 1912, 4*h = 3*y - 1421. Is y/9 + 2/(-9) a prime number?
True
Let g(v) = 2*v**2 - v + 1. Let h(z) = 2*z + 5. Let i be h(-4). Is g(i) composite?
True
Suppose -v = -215 - 147. Is v prime?
False
Let u = 3 + 2. Suppose u*z - 14 = 1. Is ((-444)/(-18))/(2/z) prime?
True
Let n = 15 - 0. Suppose -2*r - n - 13 = -2*s, 2*r = -4*s + 2. Is r/(-4)*(1 + 3) a composite number?
True
Is 8/20 + 3092/20 composite?
True
Let h(c) = -c**2 + c + 2. Let d be h(2). Let w = d + 0. Suppose w = 4*g - 5*g + 331. Is g a composite number?
False
Let y(t) = 167*t - 32. Is y(17) composite?
True
Suppose 4*k - 233 = 155. Is k composite?
False
Suppose -4*s + 20 = 0, 5*z + 0 = 3*s - 5. Is -2 - -6 - z - -83 prime?
False
Let q = 275 - 52. Is q composite?
False
Let f(i) = 3*i**3 - 3*i**2 + 3*i - 2. Let o be f(2). Let d = o - -17. Is d composite?
True
Suppose j - 3 = 1. Suppose 3*n - 42 = -2*f, 2*n - j*n + 28 = 4*f. Is n a prime number?
False
Let r(s) be the second derivative of -s**3/6 + 3*s**2 - 2*s. Let n be r(6). Suppose n = 5*j - 4*f + 1, j + f = 8 - 1. Is j composite?
False
Let u = 6 + -3. Suppose 4*d + 123 = 4*g - 129, -u*g - 5*d = -157. Is g a composite number?
False
Let x(a) = -36*a + 11. Let n be x(-9). Suppose -6*f + n = -f. Let m = f - -22. Is m composite?
False
Suppose -3*b + b - 40 = 0. Let r = b - -39. Suppose 0 = k + 2, -5*k - r = -2*n + n. Is n a prime number?
False
Suppose 4*g - 1534 = 2*z, -3*g - 2*z = -8*g + 1916. Is g a composite number?
True
Let q = 126 - 19. Suppose -2*f - j = -q, f - 3*j = -5*j + 61. Is f a prime number?
False
Suppose -5*h = 2*p - 0*h - 11, -15 = -5*h. Let q = p - -3. Is 1/q + (-4 - -18) composite?
True
Let g = 63 + -40. Let s = g + -7. Suppose -d - s = -2*o + o, 38 = 3*o - 5*d. Is o composite?
True
Suppose -5*t = -2*p - 2, -4*t + 5 = -2*p - 3*p. Suppose t = -2*i + 5*k - 1 + 3, 5*i + 4*k = 71. Is i prime?
True
Let z = 7 - 7. Suppose -4*w + 44 = -z*w. Is w a prime number?
True
Let v(b) = -b + 2. Let r be v(2). Suppose 5*f - 113 - 2 = r. Is f composite?
False
Suppose -3*w - 2 = -14. Let m be (3/w)/((-2)/(-8)). Suppose -2*k + 198 = m*u + 43, 0 = 5*u + k - 270. Is u composite?
True
Let p(u) = -1167*u - 17. Is p(-2) composite?
True
Let i be 3 + ((-6)/(-2))/(-1). Suppose 2*r + 2*r + 5*m - 749 = i, -r = -5*m - 206. Is r a composite number?
False
Is (-2)/(-11) - 13386/(-66) composite?
True
Let c(q) be the first derivative of 3*q + 1 - 9/2*q**2. Is c(-4) prime?
False
Let i be 0 - 2 - (-1 - -4). Is ((-2)/(-6))/(i/(-525)) composite?
True
Let w(p) = -p - 1. Let n(d) = -5*d - 3. Let y be 2/(-4) - 3/6. Let r(b) = y*n(b) + 6*w(b). Is r(-7) a prime number?
False
Let d be -4 + 11 + -1 + 1. Let c(r) = 3*r - 1. Let h be c(d). Is h/6*(-21)/(-2) a composite number?
True
Suppose 0 = 2*p - 5*j - 104, 5*j - 2*j = -4*p + 260. Is p a composite number?
True
Let v(d) = d**2 - 2*d + 9. Let q(k) = k - 3. Let o(u) = -11*q(u) - 4*v(u). Let m(b) be the first derivative of o(b). Is m(-7) a composite number?
False
Let k(t) = -4*t**3 + 15*t**2 - 3*t - 18. Let b(f) = 6*f**3 - 22*f**2 + 4*f + 27. Let v(m) = -5*b(m) - 8*k(m). Is v(7) prime?
True
Let f = 591 + -291. Let d = -31 + -58. Let p = d + f. Is p prime?
True
Let b(t) = t + 1. Let f be b(-1). Suppose f = 3*l - 73 + 16. Is l a composite number?
False
Let m be (-3)/6*(3 + -21). Is m/(-45) - (-1236)/5 composite?
True
Suppose 118 = -0*w + w. Let q = 84 - w. Let s = q + 71. Is s a composite number?
False
Let u(g) = -2*g + 3*g + 0 - 1 + 6. Is u(-3) a composite number?
False
Let p(a) = a**2 + 5*a + 3. Let v be p(-9). Let k = 73 - v. Is k composite?
True
Let j(h) = 0*h + h**3 + 7*h**2 + 7 - 3*h + 1. Let t be j(-6). Let l = t - 24. Is l a prime number?
False
Let k = 15 + 9. Let i(f) = f**3 - 5*f**2 - 7*f - 8. Let o be i(6). Let q = k + o. Is q composite?
True
Let w(q) = q**3 + 3*q**2 - 3*q + 32. Is w(11) prime?
True
Let d(f) be the second derivative of 0 - 9/2*f**2 + 2*f - 2/3*f**3. Is d(-11) a composite number?
True
Let p(q) = 1. Let v(t) = 5*t**3 + 3*t**2 - 2*t + 2. Let d(r) = -3*p(r) + v(r). Suppose 3*o + 0 - 6 = 0. Is d(o) a prime number?
True
Suppose 0 = -2*r + 415 + 199. Is r a composite number?
False
Is 3/((-12)/(-2000)) + -3 a composite number?
True
Let l = -106 + 373. Is l prime?
False
Suppose 4 = -x, -3*o + 3*x + 140 = -265. Is o composite?
False
Is (-3 - -8 - 1)*(-157)/(-4) prime?
True
Suppose -2*i + 19 = -i. Let u = 4 + -16. Let b = i + u. Is b composite?
False
Suppose -2*l + 100 = 4*c, c - 2*c = -3*l - 18. Let r(i) = -4*i - 1. Let k be r(4). Let f = c + k. Is f a composite number?
False
Let f = -48 - -137. Is f prime?
True
Let u(o) be the first derivative of o**4/4 - 2*o**3 - 5*o**2 + o + 2. Let g be u(7). Let y = -14 - g. Is y a prime number?
False
Let w(t) = t + 4 + 3*t - 5 - 4. Is w(6) prime?
True
Let j(w) = -w**2 - 7*w. Let l be j(-7). Suppose 2*f = 5*k - 1051, 7*k - 4*k + 3*f - 639 = l. Is k prime?
True
Let c(f) = -4*f**3 - 2*f**2 - 2*f + 4. Let r(x) = -9*x**3 - 3*x**2 - 5*x + 7. Let v(g) = 7*c(g) - 3*r(g). Is v(-6) a prime number?
True
Let s = -8 + 20. Let o be (-54)/(-8) + 3/s. Is (-372)/(-28) + (-2)/o prime?
True
Is 338/4*(3 - 1) prime?
False
Let x be (-16)/8 + -1321 + 0. Let z = x + 1888. Is z prime?
False
Let s = 494 - 163. Is s composite?
False
Let h be (-22 - -6) + -1*2. Let o = h - -76. Is o composite?
True
Let v be 2/6 - (-60)/(-18). Let w be (2 + -1)*-3 - 1. Is w/6 + (-80)/v composite?
True
Let m(t) = 145*t**2 - 3*t - 2. Let r = -6 + 5. Is m(r) a composite number?
True
Suppose -12 = 3*i - g, -15 = -0*i + 2*i - 3*g. Let u(a) = -23*a - 2. Is u(i) a composite number?
False
Let t = 394 + -107. Let k = -64 + t. Is k a prime number?
True
Let i be 0/3 - (-27)/3. Suppose -i*z + 10*z - 3 = 0. Let n(s) = 4*s - 2. Is n(z) prime?
False
Let x be (4/(-6))/(2/(-6)). Suppose 5*v - v = -a + 145, 2*a = x*v - 60. Is v + (0/1)/1 prime?
False
Let h = -4 - -6. Let n be (45/(-6))/(h/(-20)). Suppose 0 = -a - 3*a + 3*b + n, 2*a - b = 39. Is a prime?
False
Let v = 5197 + -3504. Is v a composite number?
False
Let z(h) = 8*h + 8*h**2 + 0 + 0 - 5. Is z(-6) composite?
True
Suppose 0 = 3*g + 3*y - 544 - 203, -5*y - 1225 = -5*g. Let a = g + -136. Is a a composite number?
True
Let c(k) = -k**3 - k**2 - 3*k + 4. Let a be c(-4). Let g = 45 - a. Let y = g + 34. Is y a composite number?
True
Suppose 4*c = c + 762. Is c prime?
False
Let v(s) = -3*s**2 - 23*s - 11. Let o(y) = -7*y**2 - 47*y - 23. Let m(h) = -h**3 - 3*h**2 - h. Let w be m(-2). Let x(r) = w*o(r) + 5*v(r). Is x(-8) composite?
True
Let a be 6/45*3*5. Suppose 0 = -r - a*r + 48